 digit of t?
6
Let p(o) = o**3 + 3*o**2 - 18*o + 21. Let z be p(-9). Let t = z - -374. What is the units digit of t?
1
Let i(a) = -a**3 + 5*a**2 - 3. Let x be i(5). Let d = 1 + -16. What is the tens digit of ((-35)/d + x)/(4/(-558))?
9
Let c(r) = -263 + 36*r + 263. Let y be c(3). Suppose y = 4*f - 292. What is the units digit of f?
0
Suppose -91453 = -3*w - 2*d, 2*w - 17800 = -5*d + 43165. What is the ten thousands digit of w?
3
Suppose -26*b + 222 = -20*b. Let y(c) = c + 3*c - b - 7*c**2 - c**3 - 2*c**2 + 42. What is the units digit of y(-10)?
5
Let v(c) = 34 - 31*c**2 + 30 + 2*c**3 - 52 + 14*c. Let x be v(16). Suppose 43*t + x = 47*t. What is the hundreds digit of t?
1
Let h = 1381 - 934. What is the units digit of h?
7
Let m(o) be the first derivative of -o**4/4 + 22*o**3/3 - 15*o**2 + 39*o - 6630. Let f be 1/(-3) - 122/(-6). What is the units digit of m(f)?
9
Suppose 18*f + 3293 = 17171. Let i = f - -44. What is the units digit of i?
5
Suppose 0 = -4*s + 20, 3*o - 2655 = 8*o - 3*s. Let g = o - -1229. What is the hundreds digit of g?
7
Let f(q) = -6*q**2 - 8*q + 8. Let c(t) = -2*t - 23. Let g be c(-14). Let o be f(g). Let n = o + 312. What is the hundreds digit of n?
1
Let m be ((51/(-2))/17)/((-1)/(-4)). Let p(x) = -5*x - 31. Let b be p(m). What is the units digit of 12*((-61)/(-3) - b)?
6
Let s = 301 - 291. Suppose 5*m - 4026 = 5*b + 2309, 5*b = -s. What is the tens digit of m?
6
Let o = 7271 + 1869. What is the hundreds digit of o?
1
Suppose 17*q - 18*q + 14 = 0. Suppose -18*t = -q*t - 884. Let y = t - 129. What is the units digit of y?
2
Let r be (-199926)/(-63) - 6/14. Suppose -10*y - 213 = -r. What is the units digit of y?
6
Let s be 44/16 + -3 + (-388)/(-16). What is the units digit of ((-2248)/s - -5)/((-4)/18)?
9
Let r = 3352 + -2269. What is the tens digit of r?
8
Suppose 273494 = 28*t - 232438. What is the ten thousands digit of t?
1
Suppose 62*i + 2643672 = 121*i. What is the hundreds digit of i?
8
Let z = 22841 + -200. What is the units digit of z?
1
Let u = 1541 - 1457. Let f be 4/(-14) - (-23)/7. Suppose k - 4*w - u = w, k = f*w + 78. What is the units digit of k?
9
Suppose -28196 + 131183 = 3*h + w, -3*h - 2*w + 102996 = 0. What is the ten thousands digit of h?
3
Let w be -24*((-1)/(-4) + 36/(-24)). Suppose 2*b + 4*n = -2*b - 40, 0 = -b - 2*n - 11. What is the tens digit of (15/b)/((-2)/w)?
2
Let j = 98 - -38. Suppose 0 = -2*c + 5*c - 12. Suppose -c*h + 2*z = -167 - 371, 0 = h + z - j. What is the units digit of h?
5
Let d(f) = -3*f**3 - 49*f**2 + 53*f + 100. What is the units digit of d(-23)?
1
Suppose 0 = -13*y + 10*y + 12. Suppose -2*m - 180 = -b - 4*m, 740 = y*b + 4*m. What is the tens digit of b?
9
Suppose 20164 + 25550 = 6*c. What is the tens digit of c?
1
Let x(n) = 16*n**2 + 16*n - 82. What is the ten thousands digit of x(-27)?
1
Let i(p) = -1 - 2*p**2 - 13*p - 5*p**2 + 7 - 24*p**3 - 5. What is the hundreds digit of i(-3)?
6
Let b(x) = 26*x**2 + 2*x - 10. Let m be b(5). Let h = 43 + m. What is the hundreds digit of h?
6
Suppose 54223 = 32*k - 19*k. What is the tens digit of k?
7
Let v(a) = 11*a + 6*a - 44*a - 2 - 38*a. What is the units digit of v(-15)?
3
What is the thousands digit of (-37915)/(-5) + 10 + 11?
7
Suppose 14*y + 3379 = 25709. Suppose 5*h = 2*b - y, 4*b - 3250 = -h - 93. What is the units digit of b?
0
Suppose -3*d + 274 = 142. Suppose d*u - 41*u = 1353. What is the units digit of u?
1
Suppose 129 = g + a + 337, 4*g = -3*a - 835. Let l = 391 + g. What is the hundreds digit of l?
1
Suppose -3*x + 3*j = -0*x + 6, 3*j = -6. What is the tens digit of (6/(-1) - x) + 189?
8
Let n = -17769 + 27361. What is the tens digit of n?
9
Let b(j) be the third derivative of j**6/120 + j**5/3 + 35*j**4/24 - 2*j**3 - 6*j**2 - 2. What is the hundreds digit of b(-16)?
4
Suppose f + 4*d = 1524, 4*d + 3108 = 26*f - 24*f. What is the tens digit of f?
4
Let z be -92*(-2 - 30/8). Let i be 11/(462/(-60)) - (-8)/(-14). What is the tens digit of (28/12 + i)*(z - -2)?
7
What is the thousands digit of (-139665)/(-5) + (132/36 - (-8)/(-3))?
7
Suppose -17*w + 3*t - 6 = -14*w, -5*t + 10 = -2*w. Let y(q) = -q + 919. What is the hundreds digit of y(w)?
9
Let u(z) be the third derivative of 2*z**4/3 + 16*z**3/3 - z**2 - 88*z. What is the hundreds digit of u(14)?
2
What is the hundreds digit of (-1)/18 - 809030/(-36)?
4
Let x = 459 + -399. Let q(o) = -o**2 - 4*o + 2. Let p be q(-5). What is the tens digit of 88/x*p*-15?
6
Let y(q) = -q**3 + 15*q**2 + 33*q + 22. Let p be y(17). Suppose 1219 = 3*w + 3*f + 343, 1444 = p*w + f. What is the tens digit of w?
8
Suppose 0 = -3*f + 5*d + 55371, -1085*f + 73915 = -1081*f + 3*d. What is the ten thousands digit of f?
1
Let t(r) = r**3 - 10*r**2 + 115*r + 84. What is the units digit of t(23)?
6
Let l be -5 + (-1 - 12/(-6)). Let a(x) = -6*x**3 - 14*x**2 + x - 7. Let b be a(l). Suppose -b = h - 2*h. What is the units digit of h?
9
Suppose 0 = -3*z + 162 + 120. Suppose -b - 7 = 2*a - z, 5*a = -b + 213. What is the units digit of a?
2
Let g(n) = -7*n + 64. Let t be 10/(1 + 1) + (-1 - 16). What is the tens digit of g(t)?
4
Let k(c) = -3*c**3 + 2*c**2 - 18*c - 58. What is the hundreds digit of k(-9)?
4
Suppose -318619 = -40*a + 269981. What is the ten thousands digit of a?
1
Let x = -25 - -27. Suppose -3*f + 12 = -4*g - 12, 0 = -x*f - 2*g + 2. Suppose 3*w - 287 = 2*y - 106, f*w = -y + 234. What is the units digit of w?
9
Let w = 12886 - -14585. What is the tens digit of w?
7
Suppose -3*j = 6 - 24. Let w(n) = n**2 - 29*n + 91. Let z be w(25). What is the units digit of 12/(z + 5 + j)?
6
Let a = -114 + 119. Suppose -a*w - 1718 = -328. Let f = w + 539. What is the units digit of f?
1
Suppose 0 = -4*w + 16, -3*w + 1039 = -r + 15489. What is the tens digit of r?
6
Let j be 52029/3 - (-13 + 5 + 4). Suppose -10*b - j = -21*b. What is the hundreds digit of b?
5
Suppose 5*c + 50604 = 4*v, 5*v - 15281 - 47974 = 4*c. What is the tens digit of v?
5
Suppose -4*j - 258 + 94 = 0. Let g = -32 - j. Let a(x) = 2*x**2 - 10*x - 2. What is the tens digit of a(g)?
7
Let q(s) = 32*s**2 + 8. Let i be q(4). Suppose -8*r = -4*r - i. What is the tens digit of (32/(-20))/((-4)/r)?
5
Let z be (-2*(-24)/4)/(-1). Let c = 4 - z. Suppose 0*p - 2*p - n + 7 = 0, 2*n = p - c. What is the units digit of p?
6
What is the hundreds digit of 19/((-1083)/(-38))*(-11598)/(-4)?
9
Let k be -7916*(-1)/6 + (-6)/(-9). Let t = 286 + k. What is the hundreds digit of t?
6
Let v(h) = 1450*h - 188. Let l be v(4). Suppose 656 + l = 4*n. What is the hundreds digit of n?
5
Let h be (1/(-5))/(24/40)*-36. Let p be (-2 - -77)*h/1. Suppose 203 = s - 5*l, 2*l = s + 4*s - p. What is the hundreds digit of s?
1
Let a = -172 + 177. Suppose -a*w + 472 + 1363 = 0. What is the units digit of w?
7
Suppose t + r + 9 = 5*r, 4*r - 16 = 0. Suppose -t*d + 8 = -3*d. Suppose j + 86 = d*s + 3*j, -3*j - 81 = -2*s. What is the units digit of s?
2
Let q = 13343 + -2946. What is the hundreds digit of q?
3
Let q be (32 - 27)*3/(15/2362). What is the tens digit of (2/4)/(q/(-788) + 3)?
9
Let f(r) = -r**3 - 6*r**2 + 7. Let q be f(-6). Suppose q*d + 14 = -21. What is the hundreds digit of 6/4*((-1670)/3)/d?
1
Let w(g) = -10*g**2 - 3*g + 21. Let z(c) = -c**2. Let q(p) = -w(p) + 4*z(p). Suppose 8*r = -61 + 21. What is the tens digit of q(r)?
1
What is the ten thousands digit of 72266 - (3*42/(-18) + -5 + 13)?
7
Let n(k) = 2*k**2 - 17*k - 9. Let q be n(9). Suppose q*z + 4*z - 800 = 0. Suppose u = -3*u + z. What is the tens digit of u?
5
Let j(t) be the second derivative of -t**5/20 + 3*t**4/4 - 4*t**3/3 + 3*t**2 - 2*t. Let q = -433 + 439. What is the tens digit of j(q)?
6
What is the tens digit of 305*(1/3)/((-75)/(-315))?
2
Let s(v) = -461*v + 52. Let q be s(-8). Suppose 7*t - 12*t + 1225 = u, 3*u + 2*t - q = 0. What is the thousands digit of u?
1
Let b(c) be the first derivative of c**6/180 + c**5/15 + 11*c**3/3 - 19. Let m(z) be the third derivative of b(z). What is the tens digit of m(4)?
6
Let r(q) = 12*q - 17*q - 10*q + 14. Let a be (-26)/6 - (-2)/(-3). What is the units digit of r(a)?
9
Let t(u) = 103*u**2 + 89*u + 463. What is the tens digit of t(-5)?
9
Let n = -84 - -146. Suppose 8*d = 354 + n. What is the tens digit of d?
5
Let x(b) = b**2 - 13*b + 45. Let u be x(7). Suppose 949 =